?
11165
Convert 7784 (base 9) to base 11.
4354
Convert 156341 (base 8) to base 7.
323566
7721 (base 8) to base 15
12ee
What is -70214 (base 8) in base 11?
-1a713
-e0 (base 15) to base 5
-1320
Convert 6640 (base 9) to base 3.
20201100
Convert -1001111011111 (base 2) to base 9.
-6872
Convert -14331 (base 6) to base 11.
-179a
Convert -841 (base 16) to base 15.
-95d
-a90 (base 12) to base 16
-60c
-124a (base 11) to base 2
-11001011011
What is 2b13 (base 14) in base 2?
1110111101101
7d4 (base 14) to base 16
616
Convert -2ab (base 16) to base 15.
-308
What is -7d7 (base 14) in base 4?
-120121
Convert -7ad (base 15) to base 13.
-a39
What is 16285 (base 9) in base 15?
349e
What is -12333001 (base 4) in base 8?
-67701
-123112 (base 8) to base 7
-235053
What is -2a8 (base 13) in base 2?
-111011100
-3059 (base 10) to base 9
-4168
Convert 2302 (base 4) to base 7.
343
What is 1022033 (base 5) in base 13?
7a59
What is -3194 (base 11) in base 3?
-12210012
What is -27874 (base 11) in base 6?
-503320
Convert -5762 (base 10) to base 6.
-42402
Convert 179 (base 13) to base 4.
10031
Convert 114231 (base 5) to base 10.
4316
What is -11ce0 (base 15) in base 6?
-1115250
Convert 1001024 (base 6) to base 3.
2101022121
Convert -4227 (base 11) to base 6.
-41523
-8288 (base 10) to base 14
-3040
13121203 (base 4) to base 5
1432212
What is -2220 (base 5) in base 16?
-136
Convert -1000210102 (base 3) to base 5.
-1122021
What is -136 (base 11) in base 4?
-2200
What is 100021011 (base 3) in base 10?
6754
Convert -1513 (base 8) to base 2.
-1101001011
195 (base 11) to base 13
144
-400 (base 15) to base 13
-543
What is 64331 (base 7) in base 10?
15947
10101001011110 (base 2) to base 15
3331
What is 7703 (base 12) in base 7?
53133
What is 6747 (base 16) in base 5?
1321224
-524 (base 14) to base 13
-5cb
Convert 1006 (base 9) to base 16.
2df
-3134a (base 11) to base 16
-b267
What is c40 (base 13) in base 12?
1254
ddc5 (base 14) to base 8
112771
Convert 89 (base 12) to base 14.
77
Convert 1010 (base 8) to base 5.
4040
-12454 (base 8) to base 4
-1110230
276 (base 12) to base 9
460
Convert -2047 (base 8) to base 15.
-4ad
What is -3402 (base 6) in base 14?
-40a
3c (base 15) to base 10
57
-ab07 (base 12) to base 6
-223211
-10010110110011 (base 2) to base 10
-9651
What is -1136 (base 9) in base 11?
-6a7
Convert 1510 (base 8) to base 6.
3520
What is 1068 (base 9) in base 7?
2210
Convert 7bc (base 13) to base 8.
2472
What is -486 (base 10) in base 3?
-200000
10493 (base 11) to base 12
898b
-3276 (base 9) to base 2
-100101110010
-35612 (base 7) to base 2
-10010000000101
What is -2200202 (base 3) in base 11?
-1526
-3325 (base 7) to base 8
-2253
Convert -a00 (base 14) to base 9.
-2617
Convert -3285 (base 12) to base 10.
-5573
Convert 371 (base 12) to base 4.
20011
-27587 (base 9) to base 12
-a9b1
What is 78 (base 12) in base 4?
1130
What is 372a (base 14) in base 13?
4509
23213 (base 4) to base 7
2111
-30c (base 15) to base 9
-843
-254313 (base 6) to base 13
-a623
What is 210222 (base 3) in base 5?
4333
211011 (base 3) to base 2
1001010110
What is -3231 (base 5) in base 13?
-27c
-2546 (base 7) to base 10
-965
-2212010 (base 3) to base 4
-200202
Convert da76 (base 15) to base 11.
31813
Convert -215366 (base 7) to base 11.
-26548
-427 (base 14) to base 9
-1110
-22002 (base 3) to base 6
-1002
Convert -4392 (base 10) to base 13.
-1ccb
What is -20223 (base 4) in base 7?
-1422
11101011101011 (base 2) to base 6
153455
What is 23203 (base 5) in base 6?
11434
Convert 621 (base 7) to base 9.
373
What is 151141 (base 7) in base 3?
1111002201
What is b47 (base 15) in base 8?
4756
Convert -1002201 (base 3) to base 11.
-66a
Convert -122110 (base 3) to base 8.
-727
164640 (base 7) to base 6
412203
Convert -1103 (base 4) to base 16.
-53
Convert 2424414 (base 5) to base 9.
68506
What is -21043 (base 5) in base 16?
-576
22161 (base 10) to base 6
250333
911 (base 10) to base 6
4115
What is a23 (base 11) in base 9?
1622
What is -10110101000101 (base 2) in base 8?
-26505
5 (base 15) to base 6
5
-10101110 (base 2) to base 10
-174
What is 9c62 (base 13) in base 16?
5579
221001220 (base 3) to base 2
100011101100100
-b36 (base 16) to base 15
-cb5
Convert -5ea (base 15) to base 16.
-541
What is -547 (base 13) in base 14?
-488
Convert -1467 (base 10) to base 12.
-a23
Convert 106268 (base 9) to base 6.
1210355
What is -8c5 (base 16) in base 5?
-32440
Convert 522153 (base 6) to base 8.
121765
What is -45350 (base 6) in base 10?
-6402
12444 (base 8) to base 4
1110210
What is -12160 (base 7) in base 9?
-4321
-1212222 (base 3) to base 14
-704
What is 52a1 (base 16) in base 14?
79cd
What is -2340 (base 6) in base 9?
-686
What is 10250 (base 6) in base 11?
1061
What is 1140 (base 9) in base 7?
2316
-240 (base 15) to base 7
-1326
16055 (base 8) to base 6
53221
What is -221213 (base 4) in base 14?
-d83
Convert 85 (base 16) to base 12.
b1
111212 (base 3) to base 13
22a
Convert 1881 (base 13) to base 15.
1139
30144 (base 5) to base 10
1924
Convert 21e (base 16) to base 11.
453
What is -2217 (base 12) in base 11?
-2911
Convert -23102 (base 4) to base 8.
-1322
4 (base 16) to base 3
11
What is -45639 (base 10) in base 11?
-31320
11110221120 (base 3) to base 16
1586a
What is -6707 (base 9) in base 6?
-34524
What is 8 (base 14) in base 10?
8
1160 (base 11) to base 16
5ee
What is d40 (base 15) in base 7?
11463
ad6 (base 15) to base 6
15203
2017 (base 16) to base 4
2000113
Convert -3442 (base 5) to base 12.
-355
What is -4224 (base 5) in base 10?
-564
-11100201021 (base 3) to base 10
-85813
What is 31244 (base 7) in base 16?
1dfc
Convert -3972 (base 10) to base 9.
-5403
What is -19d (base 15) in base 12?
-271
-121000 (base 3) to base 2
-110110000
What is 8a0 (base 15) in base 5?
30300
303300 (base 4) to base 9
4480
Convert 1466 (base 7) to base 13.
362
-1021032 (base 4) to base 14
-19ca
Convert 756 (base 10) to base 5.
11011
Convert -31365 (base 7) to base 3.
-101121200
-617 (base 10) to base 7
-1541
What is -56c (base 14) in base 9?
-1425
6b6 (base 16) to base 7
5003
Convert -40854 (base 9) to base 4.
-12210331
Convert 45351 (base 8) to base 16.
4ae9
What is 122 (base 7) in base 14?
49
What is 23332 (base 5) in base 7?
5002
-372 (base 8) to base 7
-505
-12045 (base 6) to base 14
-8d7
What is -1100100110110 (base 2) in base 14?
-24d0
Convert 7a (base 16) to base 8.
172
200 (base 12) to base 11
242
afd (base 16) to base 9
3765
What is 1250 (base 7) in base 15?
21b
Convert 507 (base 8) to base 16.
147
-10010110101100 (base 2) to base 6
-112352
Convert 270 (base 9) to base 8.
341
What is -12415 (base 7) in base 13?
-1666
Convert -120020221 (base 3) to base 15.
-3467
1d45 (base 16) to base 4
1311011
-2a4 (base 11) to base 6
-1352
Convert 1004012 (base 5) to base 2.
11111100000100
-3a8 (base 16) to base 9
-1250
Convert 59d (base 16) to base 5.
21222
What is -16a24 (base 11) in base 9?
-35654
-111010110001 (base 2) to base 13
-1934
What is 51160 (base 10) in base 12?
25734
Convert 11000 (base 7) to base 6.
20412
111445 (base 6) to base 7
36404
What is 2916 (base 11) in base 15?
11b3
-11153 (base 6) to base 5
-22311
-12 (base 10) to base 4
-30
What is 10111011110000 (base 2) in base 14?
4544
Convert -30230 (base 7) to base 5.
-213242
What is 948 (base 11) in base 12?
7b1
Convert 736 (base 11) to base 14.
474
475 (base 9) to base 16
188
-12112112 (base 3) to base 12
-2405
What is 1522c (base 13) in base 8?
115762
What is -600 (base 15) in base 5?
-20400
5626 (base 7) to base 6
13221
What is -111010011000101 (base 2) in base 5?
-1424033
Convert 71 (base 13) to base 16.
5c
Convert -10120102 (base 3) to base 14.
-d3d
Convert 72290 (base 10) to base 2.
10001101001100010
What is 2102 (base 11) in base 14?
102d
813 (base 13) to base 12
960
Convert 1371 (base 8) to base 3.
1001012
What is 29636 (base 10) in base 11?
202a2
What is 66335 (base 7) in base 14?
60c5
1101011101011 (base 2) to base 6
51523
What is 1411 (base 6) in base 3?
111121
1120404 (base 5) to base 9
30517
Convert -1602 (base 9) to base 4.
-103001
What is 1101212100 (base 3) in base 10?
27603
What is -10011010 (base 2) in base 8?
-232
2137 (base 10) to base 4
201121
667c (base 13) to base 9
21547
Convert 131423 (base 7) to base 4.
11333312
What is 3214023 (base 5) in base 11?
37850